2, 5, 11, 17
What are the prime factors of 1254?
2, 3, 11, 19
What are the prime factors of 20363?
7, 2909
What are the prime factors of 650?
2, 5, 13
What are the prime factors of 14027?
13, 83
List the prime factors of 969.
3, 17, 19
List the prime factors of 4089.
3, 29, 47
What are the prime factors of 11716?
2, 29, 101
What are the prime factors of 3096?
2, 3, 43
What are the prime factors of 8480?
2, 5, 53
List the prime factors of 4481.
4481
What are the prime factors of 4922?
2, 23, 107
List the prime factors of 5742.
2, 3, 11, 29
List the prime factors of 91305.
3, 5, 2029
What are the prime factors of 73959?
3, 89, 277
List the prime factors of 799.
17, 47
What are the prime factors of 2207?
2207
What are the prime factors of 52435?
5, 10487
List the prime factors of 51.
3, 17
What are the prime factors of 504?
2, 3, 7
List the prime factors of 159.
3, 53
What are the prime factors of 148284?
2, 3, 1373
What are the prime factors of 26419?
29, 911
List the prime factors of 3381.
3, 7, 23
List the prime factors of 54133.
54133
What are the prime factors of 1724?
2, 431
What are the prime factors of 51071?
51071
List the prime factors of 659.
659
List the prime factors of 2153.
2153
What are the prime factors of 76092?
2, 3, 17, 373
List the prime factors of 16378.
2, 19, 431
What are the prime factors of 365?
5, 73
List the prime factors of 38333.
38333
List the prime factors of 12926.
2, 23, 281
What are the prime factors of 2090?
2, 5, 11, 19
List the prime factors of 83.
83
List the prime factors of 486.
2, 3
List the prime factors of 31381.
7, 4483
List the prime factors of 7197.
3, 2399
What are the prime factors of 1391?
13, 107
List the prime factors of 607.
607
What are the prime factors of 3420?
2, 3, 5, 19
List the prime factors of 49194.
2, 3, 911
What are the prime factors of 13608?
2, 3, 7
List the prime factors of 42963.
3, 14321
List the prime factors of 1013.
1013
List the prime factors of 1486.
2, 743
What are the prime factors of 69297?
3, 23099
List the prime factors of 33744.
2, 3, 19, 37
List the prime factors of 451.
11, 41
What are the prime factors of 942?
2, 3, 157
What are the prime factors of 13681?
13681
What are the prime factors of 18425?
5, 11, 67
List the prime factors of 4699.
37, 127
What are the prime factors of 1120?
2, 5, 7
List the prime factors of 1792.
2, 7
What are the prime factors of 1464?
2, 3, 61
What are the prime factors of 1074?
2, 3, 179
What are the prime factors of 1157?
13, 89
List the prime factors of 392.
2, 7
List the prime factors of 157982.
2, 11, 43, 167
What are the prime factors of 17135?
5, 23, 149
List the prime factors of 72310.
2, 5, 7, 1033
What are the prime factors of 601?
601
What are the prime factors of 23346?
2, 3, 1297
What are the prime factors of 4179?
3, 7, 199
List the prime factors of 102862.
2, 51431
What are the prime factors of 2857?
2857
What are the prime factors of 14612?
2, 13, 281
List the prime factors of 65737.
7, 9391
List the prime factors of 14112.
2, 3, 7
What are the prime factors of 2248?
2, 281
List the prime factors of 36445.
5, 37, 197
What are the prime factors of 9083?
31, 293
What are the prime factors of 5190?
2, 3, 5, 173
List the prime factors of 4060.
2, 5, 7, 29
What are the prime factors of 13165?
5, 2633
List the prime factors of 12981.
3, 4327
List the prime factors of 950.
2, 5, 19
What are the prime factors of 2726?
2, 29, 47
What are the prime factors of 30350?
2, 5, 607
What are the prime factors of 1677?
3, 13, 43
List the prime factors of 14863.
89, 167
What are the prime factors of 31753?
113, 281
What are the prime factors of 41133?
3, 13711
List the prime factors of 2321.
11, 211
List the prime factors of 40477.
17, 2381
List the prime factors of 66447.
3, 23, 107
List the prime factors of 2805.
3, 5, 11, 17
List the prime factors of 24844.
2, 6211
List the prime factors of 23270.
2, 5, 13, 179
What are the prime factors of 6306?
2, 3, 1051
What are the prime factors of 12036?
2, 3, 17, 59
What are the prime factors of 1282?
2, 641
List the prime factors of 1505.
5, 7, 43
What are the prime factors of 47384?
2, 5923
List the prime factors of 55093.
37, 1489
What are the prime factors of 2309?
2309
What are the prime factors of 10743?
3, 3581
List the prime factors of 2012.
2, 503
What are the prime factors of 37707?
3, 12569
What are the prime factors of 228?
2, 3, 19
What are the prime factors of 468?
2, 3, 13
List the prime factors of 1728.
2, 3
What are the prime factors of 3200?
2, 5
What are the prime factors of 5288?
2, 661
List the prime factors of 8812.
2, 2203
What are the prime factors of 662?
2, 331
What are the prime factors of 53813?
53813
List the prime factors of 779.
19, 41
List the prime factors of 147.
3, 7
List the prime factors of 448.
2, 7
List the prime factors of 12832.
2, 401
What are the prime factors of 2665?
5, 13, 41
What are the prime factors of 941?
941
What are the prime factors of 272?
2, 17
What are the prime factors of 6025?
5, 241
What are the prime factors of 3576?
2, 3, 149
List the prime factors of 6090.
2, 3, 5, 7, 29
What are the prime factors of 17678?
2, 8839
List the prime factors of 17154.
2, 3, 953
What are the prime factors of 104491?
104491
List the prime factors of 44.
2, 11
List the prime factors of 1854.
2, 3, 103
What are the prime factors of 1040?
2, 5, 13
List the prime factors of 5037.
3, 23, 73
What are the prime factors of 1345?
5, 269
What are the prime factors of 12185?
5, 2437
What are the prime factors of 938?
2, 7, 67
What are the prime factors of 71?
71
List the prime factors of 8363.
8363
List the prime factors of 4554.
2, 3, 11, 23
List the prime factors of 118429.
118429
What are the prime factors of 1075?
5, 43
List the prime factors of 304.
2, 19
List the prime factors of 2413.
19, 127
List the prime factors of 83445.
3, 5, 5563
What are the prime factors of 886?
2, 443
List the prime factors of 4471.
17, 263
What are the prime factors of 2435?
5, 487
What are the prime factors of 6110?
2, 5, 13, 47
List the prime factors of 4499.
11, 409
What are the prime factors of 50418?
2, 3, 2801
List the prime factors of 10794.
2, 3, 7, 257
List the prime factors of 11604.
2, 3, 967
What are the prime factors of 1528?
2, 191
What are the prime factors of 2554?
2, 1277
What are the prime factors of 5548?
2, 19, 73
What are the prime factors of 9312?
2, 3, 97
List the prime factors of 8083.
59, 137
List the prime factors of 144780.
2, 3, 5, 19, 127
What are the prime factors of 784?
2, 7
What are the prime factors of 4537?
13, 349
List the prime factors of 492.
2, 3, 41
What are the prime factors of 3651?
3, 1217
What are the prime factors of 879?
3, 293
What are the prime factors of 1670?
2, 5, 167
What are the prime factors of 2855?
5, 571
What are the prime factors of 4828?
2, 17, 71
What are the prime factors of 25400?
2, 5, 127
What are the prime factors of 1293?
3, 431
What are the prime factors of 7623?
3, 7, 11
List the prime factors of 1440.
2, 3, 5
List the prime factors of 7720.
2, 5, 193
List the prime factors of 3857.
7, 19, 29
What are the prime factors of 6327?
3, 19, 37
What are the prime factors of 261?
3, 29
What are the prime factors of 37410?
2, 3, 5, 29, 43
What are the prime factors of 791?
7, 113
What are the prime factors of 28847?
7, 13, 317
List the prime factors of 279.
3, 31
List the prime factors of 149.
149
List the prime factors of 30052.
2, 11, 683
What are the prime factors of 73797?
3, 17, 1447
What are the prime factors of 4811?
17, 283
List the prime factors of 58287.
3, 19429
What are the prime factors of 20?
2, 5
List the prime factors of 2272.
2, 71
List the prime factors of 913.
11, 83
List the prime factors of 2703.
3, 17, 53
What are the prime factors of 67749?
3, 11, 2053
List the prime factors of 5194.
2, 7, 53
List the prime factors of 8336.
2, 521
List the prime factors of 872.
2, 109
List the prime factors of 83267.
83267
What are the prime factors of 97074?
2, 3, 5393
What are the prime factors of 21206?
2, 23, 461
List the prime factors of 427.
7, 61
What are the prime factors of 71888?
2, 4493
List the prime factors of 46293.
3, 13, 1187
List the prime factors of 41281.
41281
What are the prime factors of 3213?
3